Let v be p(6). Suppose 1 = 2*x - 1. Calculate the highest common factor of x and v.
1
Let b = -3 + 5. Let q = 2 - 7. Let a(t) = -t**3 - 6*t**2 - 6*t + 3. Let d be a(q). What is the greatest common factor of b and d?
2
Suppose -f + 2 = -5*q, -2*f = 4*q - 7 + 3. Let r be (f/3)/((-12)/(-882)). Calculate the highest common factor of 7 and r.
7
Let c = -16 - -23. Suppose 0 = 5*x + 2 - c. Let g(r) = 3*r + 33. Let d be g(-8). Calculate the highest common factor of x and d.
1
Let t = -17 - -29. Let c be (-12)/(-8) + t/8. What is the greatest common divisor of 6 and c?
3
Let p(c) = c**2 + 3*c + 3. Let l be p(-3). Let b(i) = i**2 + 2*i. Let k be b(-3). What is the greatest common factor of k and l?
3
Let d = -23 - -33. Suppose 3*x - 195 = 3*q, -x = -3*q - 6 - 49. Calculate the greatest common divisor of d and x.
10
Let x(d) = 3*d + 3 + 2*d + d**2 + 1 + 10. Let o be x(-4). Calculate the highest common divisor of 70 and o.
10
Suppose 0 = 4*l - 134 - 18. Suppose 5*y + 10 = -t, 3*t = y + y + l. What is the greatest common divisor of t and 1?
1
Let l = 67 + -36. What is the greatest common divisor of 31 and l?
31
Suppose -4*l = 3*u - 167, u + 3 + 106 = 3*l. What is the greatest common factor of 57 and l?
19
Suppose -496 = -4*g - 3*k, 4*k + 488 = 4*g + 5*k. Let u(j) = -j**2 + 10*j - 10. Let n be u(7). Calculate the highest common factor of g and n.
11
Let d = 38 - 17. Let c = d + 1. Suppose -25 + 124 = 3*r. Calculate the highest common divisor of r and c.
11
Let c = 117 + -72. Let z be -3 + -1 - 1*2. Let j be (z/4)/(4/(-24)). What is the greatest common factor of j and c?
9
Let l be 4/((-24)/9)*2. Let a = 6 + l. Let j(f) = 3*f + 12. Let o be j(5). What is the greatest common factor of o and a?
3
Suppose -29 = -5*p - 4. Suppose -5*h + 2*o + 256 - 53 = 0, 0 = p*h - o - 199. Calculate the greatest common factor of 13 and h.
13
Let c be 183/21 + 12/42. Calculate the highest common divisor of 3 and c.
3
Let h(c) = -c**2 + 7*c + 5. Let i be h(7). Suppose 0*q + i*q - 30 = 0. What is the highest common divisor of q and 30?
6
Suppose 3*l = -0*l - 6. Let f = l - -1. Let b be (f + -10)*(-2 - -1). What is the greatest common divisor of b and 1?
1
Let s(y) = -y**2 - y + 6. Let g be s(5). Let w be 1 + (1 - 1) - g. Suppose -136 = 7*z - 486. What is the highest common factor of w and z?
25
Let n be (12 - 13) + 1 + -3. Let a be (-14)/(-3) + (-1)/n. What is the greatest common factor of a and 35?
5
Suppose -4*l + 74 = -l - 5*m, 0 = -2*l + 2*m + 44. What is the greatest common divisor of l and 126?
18
Suppose -2*c + 6*c = p + 5, -3*p - 3 = 0. Calculate the highest common factor of 1 and c.
1
Let b(s) = -s**2 + 4. Let k be b(0). Calculate the greatest common divisor of k and 2.
2
Let j = -43 + 61. What is the highest common factor of 18 and j?
18
Let g(z) = -z**3 + 5*z**2 + z - 8. Let b be g(4). What is the highest common divisor of b and 4?
4
Let g(p) = 12*p + 12. Let d be g(6). What is the highest common divisor of d and 21?
21
Let f(x) be the first derivative of x**3 - x**2/2 + 2*x + 1. Let m be f(5). Suppose -3*c = -25 - 2. What is the highest common factor of c and m?
9
Let x(m) = m**2 - 3*m - 10. Let l be x(-7). Let g be 54/8 - (-2)/8. Suppose 48 = -3*u + g*u. Calculate the highest common factor of l and u.
12
Let w be -2*(-9)/(-12)*-2. Suppose w*l = -9, 58 = 5*c - 5*l - 2742. Suppose 2*d + 205 = c. What is the greatest common factor of d and 16?
16
Let g(x) = 2*x**2 + 3*x - 3. Let j(q) = -q**3 - 3*q**2 + 5*q. Let s be j(-4). Let n be g(s). Calculate the highest common factor of n and 17.
17
Let f be 6 - 2 - (0 - 0). Suppose 6*y = 8*y + 4, 4*t - 3*y = 14. Calculate the highest common factor of t and f.
2
Let p = -18 - -30. Let l(b) = 80*b**2 + 1. Let j be l(1). Suppose -3*w = -9 - j. What is the greatest common factor of w and p?
6
Suppose -r = -2*r + 4. What is the greatest common factor of r and 12?
4
Let h(v) = 3*v. Let t be h(1). Let b be 5 + (t - (8 + -2)). Calculate the highest common divisor of b and 22.
2
Let v be 3/(-12) - (-178)/8. What is the highest common factor of 176 and v?
22
Suppose -f = 2*x - 10, 0 = -5*f + 24 - 4. Let a(b) = b**3 - 14*b**2 + 13*b + 14. Let w be a(13). Let g = -12 + w. What is the greatest common factor of x and g?
1
Suppose -54 - 36 = -6*i. What is the greatest common factor of 20 and i?
5
Let c be -6*27/(-6) - 3. Calculate the highest common divisor of 12 and c.
12
Suppose 29 = -x - 5*o, 4*o = 4*x + 9*o + 41. Let y = -1 - x. Suppose 4*a - y*a = 78. What is the greatest common divisor of a and 13?
13
Let p = 0 + -8. Let n be (-102)/p*(9 + -5). Calculate the greatest common factor of n and 34.
17
Let z be 1 - (-1 - -2)*-7. Suppose -n - 2 = 0, -f - 5*n = -0*f + z. Suppose 2 = 3*v + 5, 2*j - 30 = f*v. What is the greatest common divisor of 21 and j?
7
Suppose 4*x = 12 + 92. Calculate the highest common divisor of 2 and x.
2
Let w = 28 + -16. Calculate the greatest common factor of w and 12.
12
Let c(y) = y**2 + 1 + 3*y**3 - 5*y**2 + 3*y**3 - 3*y**3. Let r be c(3). Calculate the greatest common divisor of r and 23.
23
Let j(q) = q**3 - 4*q**2 - 13*q + 15. Let s be j(6). Calculate the greatest common factor of 27 and s.
9
Let c = -13 - -57. Let z be 12595/c - 2/8. Calculate the highest common factor of z and 26.
26
Suppose 7*n - 1144 = -n. What is the highest common factor of 13 and n?
13
Let m = 114 - 66. Calculate the greatest common factor of 6 and m.
6
Suppose -k + 12 = 2*o + 2*o, -3*o + 3*k - 6 = 0. What is the highest common divisor of o and 6?
2
Let v be 302/6 + 16/(-48). Calculate the greatest common divisor of 10 and v.
10
Let f be (-2 + 4)*(-38)/(-4). Let m = f + -7. What is the greatest common factor of 96 and m?
12
Suppose 171 = u - 0*s - s, -4*s = 5*u - 828. Calculate the highest common factor of u and 24.
24
Let p(x) = 2*x**2 + 3*x - 3. Let v = 12 + -9. Let u be p(v). What is the greatest common divisor of u and 24?
24
Suppose 3*p - 7*p = 0, -p + 14 = n. Let v be (-2)/4 - (-2)/4. Suppose 5*c - 91 + 21 = v. Calculate the greatest common factor of c and n.
14
Suppose l + 3 = 15. What is the greatest common divisor of l and 3?
3
Let d be 20/8*16/10. Let k = 20 - 34. Let h = d - k. What is the highest common factor of 198 and h?
18
Suppose 0*n = -5*n + 20. Calculate the greatest common factor of n and 44.
4
Let g = 13 - 8. Suppose -5*q = -10 - g. Suppose 7*u = 2*u + 4*f + 5, -u + 5*f + 1 = 0. Calculate the greatest common factor of u and q.
1
Let h(o) = 4*o**3 - 3*o**2 + o - 4. Let y be h(3). Suppose 0 = -4*a + 2*a + 64. Calculate the greatest common divisor of a and y.
16
Let u(n) = n**3 - 4*n**2 + n - 4. Let y be u(4). Let d be 2*(-1)/2*-117. Suppose y = -0*k - k + d. Calculate the greatest common divisor of k and 13.
13
Let t(x) = 10*x - 5. Let d be t(6). Let y = -16 - -27. What is the highest common divisor of y and d?
11
Let k = -26 - -16. Let w = k - -43. What is the greatest common factor of 11 and w?
11
Suppose -3*d - 8 = -d, -4*u - 3*d = -164. Suppose 4*a - 5 = -3*l + 39, 0 = 2*a - 5*l - 22. What is the greatest common divisor of u and a?
11
Let n(y) = 15*y + 5. Let w be n(5). What is the greatest common divisor of 16 and w?
16
Let q(b) = 2*b**2 - 3*b - 2. Let y be q(4). Calculate the greatest common factor of y and 36.
18
Let t be ((-20)/(-6) + 0)*-3. Let h be 4/(8/t) - 0. Let w be h/(-2*1/18). Calculate the highest common divisor of 9 and w.
9
Let x be (-4)/6 + 94/6. What is the greatest common divisor of 6 and x?
3
Suppose -4*u = v - 14 - 10, -2*v + 48 = -4*u. Suppose -4*o - 57 = 5*f, 2*f + v = -o - o. Let j be f/2*(-4)/3. Calculate the greatest common divisor of j and 30.
6
Suppose 0 = -o - 4*b - 0 - 4, -4*o - 1 = b. Suppose -h + 12 = -2*x, o*x = 5*h - 4*x - 30. What is the highest common factor of h and 2?
2
Let s(g) = g + 4. Let i be s(-2). Suppose j = i + 10. Calculate the greatest common factor of j and 60.
12
Let q = 10 + -7. Suppose q*f = -f + 340. Suppose -2*k + 7*k = f. Calculate the highest common factor of k and 187.
17
Suppose -t - 1 + 0 = 0. Let l(y) = -7*y + 1. Let h be l(t). Calculate the greatest common factor of 88 and h.
8
Suppose 2*s + 2*q - 40 = 0, 3*q + 68 = 2*s + 3*s. What is the greatest common divisor of 64 and s?
16
Suppose -7*i - 624 = -3*i. Let g be 2/(-6) - i/36. What is the greatest comm